{"id":28,"date":"2011-12-15T21:52:11","date_gmt":"2011-12-15T21:52:11","guid":{"rendered":"http:\/\/www.kriesi.at\/themes\/propulsion\/?page_id=28"},"modified":"2026-03-14T21:31:54","modified_gmt":"2026-03-14T21:31:54","slug":"welcome","status":"publish","type":"page","link":"http:\/\/www.selimaksu.com\/?page_id=28","title":{"rendered":"Ana Sayfa"},"content":{"rendered":"<h1 class=\"post-title dynamic-post-title\" style=\"color: #3c3c3c;\">Ho\u015f Geldiniz<\/h1>\n<blockquote style=\"color: #9e9e9e;\">\n<p style=\"font-weight: inherit; font-style: inherit;\">Orkestra Sam;&nbsp;Sam M\u00fczik&nbsp;Organizasyon \u00e7at\u0131s\u0131 alt\u0131nda sizlerin her t\u00fcrl\u00fc m\u00fczikal isteklerinize cevap verebilecek yap\u0131da bir orkestrad\u0131r. &nbsp;\u00d6zg\u00fcn ses renkleriyle se\u00e7kin m\u00fczisyelerden olu\u015fan Orkestra SAM, sizin i\u00e7in en iyisini ve g\u00fczelini sunmak amac\u0131nda \u00e7aba g\u00f6sterir.Orkestra Sam 5 ki\u015fiden olu\u015fan, 20 ki\u015fiye kadar geni\u015fletilebilen m\u00fczisyen kadrosu ile sizlere amac\u0131n\u0131z do\u011frultusunda her yap\u0131da Orkestra olu\u015fturabilir.&nbsp;Opera, \u00c7igan, Latin, Pop, Jazz, T\u00fcrk Pop , Tango , T\u00fcrk Sanat ve T\u00fcrk Halk M\u00fczik gruplar\u0131n\u0131da b\u00fcnyesinde bulunduran Orkestra Sam \u0131n ses ambians\u0131n\u0131 ve g\u00f6r\u00fcnt\u00fclerini tan\u0131t\u0131m cd ve dvd lerimizden izliyebilirsiniz.<\/p>\n<\/blockquote>\n","protected":false},"excerpt":{"rendered":"<p>Ho\u015f Geldiniz Orkestra Sam;&nbsp;Sam M\u00fczik&nbsp;Organizasyon \u00e7at\u0131s\u0131 alt\u0131nda sizlerin her t\u00fcrl\u00fc m\u00fczikal isteklerinize cevap verebilecek yap\u0131da bir orkestrad\u0131r. &nbsp;\u00d6zg\u00fcn ses renkleriyle se\u00e7kin m\u00fczisyelerden olu\u015fan Orkestra SAM, sizin i\u00e7in en iyisini ve g\u00fczelini sunmak amac\u0131nda \u00e7aba g\u00f6sterir.Orkestra Sam 5 ki\u015fiden olu\u015fan, 20 ki\u015fiye kadar geni\u015fletilebilen m\u00fczisyen kadrosu ile sizlere amac\u0131n\u0131z do\u011frultusunda her yap\u0131da Orkestra olu\u015fturabilir.&nbsp;Opera, \u00c7igan, Latin, [&hellip;]<\/p>\n","protected":false},"author":1,"featured_media":594,"parent":0,"menu_order":0,"comment_status":"closed","ping_status":"closed","template":"","meta":[],"_links":{"self":[{"href":"http:\/\/www.selimaksu.com\/index.php?rest_route=\/wp\/v2\/pages\/28"}],"collection":[{"href":"http:\/\/www.selimaksu.com\/index.php?rest_route=\/wp\/v2\/pages"}],"about":[{"href":"http:\/\/www.selimaksu.com\/index.php?rest_route=\/wp\/v2\/types\/page"}],"author":[{"embeddable":true,"href":"http:\/\/www.selimaksu.com\/index.php?rest_route=\/wp\/v2\/users\/1"}],"replies":[{"embeddable":true,"href":"http:\/\/www.selimaksu.com\/index.php?rest_route=%2Fwp%2Fv2%2Fcomments&post=28"}],"version-history":[{"count":3,"href":"http:\/\/www.selimaksu.com\/index.php?rest_route=\/wp\/v2\/pages\/28\/revisions"}],"predecessor-version":[{"id":654,"href":"http:\/\/www.selimaksu.com\/index.php?rest_route=\/wp\/v2\/pages\/28\/revisions\/654"}],"wp:featuredmedia":[{"embeddable":true,"href":"http:\/\/www.selimaksu.com\/index.php?rest_route=\/wp\/v2\/media\/594"}],"wp:attachment":[{"href":"http:\/\/www.selimaksu.com\/index.php?rest_route=%2Fwp%2Fv2%2Fmedia&parent=28"}],"curies":[{"name":"wp","href":"https:\/\/api.w.org\/{rel}","templated":true}]}}