{"id":371,"date":"2014-07-13T21:10:17","date_gmt":"2014-07-13T21:10:17","guid":{"rendered":"http:\/\/www.selimaksu.com\/?page_id=371"},"modified":"2022-04-02T17:59:11","modified_gmt":"2022-04-02T17:59:11","slug":"mekan-susleme","status":"publish","type":"page","link":"https:\/\/www.selimaksu.com\/?page_id=371","title":{"rendered":"Mekan s\u00fcsleme"},"content":{"rendered":"<p style=\"color: #777777;\">M\u00fc\u015fteri memnuniyetini temel hedefi olarak benimseyen SAM Orkestras\u0131; m\u00fc\u015fterilerine \u00f6nemli g\u00fcnlerinde masa s\u00fcsleme, sandalye giydirme, balonlarla ve t\u00fcllerle s\u00fcslemelerde destek oluyor. Uyumlu renklerin bir araya getirdi\u011fi ahenk ve \u015f\u0131kl\u0131k, uzman ekibimizin tecr\u00fcbesiyle elit bir g\u00f6rsel \u015fova d\u00f6n\u00fc\u015f\u00fcyor.<\/p>\n<p style=\"color: #777777;\">Geni\u015f bir referans listesi bulunan SAM Orkestras\u0131\u2019n\u0131n i\u00e7 ve d\u0131\u015f mekanlarda ortaya koydu\u011fu yarat\u0131c\u0131 \u00e7al\u0131\u015fmalar sizin ve misafirlerinizin de takdir ve be\u011fenisini kazanacak.<\/p>\n\n\t\t<style type=\"text\/css\">\n\t\t\t#gallery-1 {\n\t\t\t\tmargin: auto;\n\t\t\t}\n\t\t\t#gallery-1 .gallery-item {\n\t\t\t\tfloat: left;\n\t\t\t\tmargin-top: 10px;\n\t\t\t\ttext-align: center;\n\t\t\t\twidth: 20%;\n\t\t\t}\n\t\t\t#gallery-1 img {\n\t\t\t\tborder: 2px solid #cfcfcf;\n\t\t\t}\n\t\t\t#gallery-1 .gallery-caption {\n\t\t\t\tmargin-left: 0;\n\t\t\t}\n\t\t\t\/* see gallery_shortcode() in wp-includes\/media.php *\/\n\t\t<\/style>\n\t\t<div id='gallery-1' class='gallery galleryid-371 gallery-columns-5 gallery-size-thumbnail'><dl class='gallery-item'>\n\t\t\t<dt class='gallery-icon landscape'>\n\t\t\t\t<a href='https:\/\/www.selimaksu.com\/wp-content\/uploads\/2014\/07\/021.jpg'><img width=\"80\" height=\"80\" src=\"https:\/\/www.selimaksu.com\/wp-content\/uploads\/2014\/07\/021-80x80.jpg\" class=\"attachment-thumbnail size-thumbnail\" alt=\"\" loading=\"lazy\" srcset=\"https:\/\/www.selimaksu.com\/wp-content\/uploads\/2014\/07\/021-80x80.jpg 80w, https:\/\/www.selimaksu.com\/wp-content\/uploads\/2014\/07\/021-36x36.jpg 36w\" sizes=\"(max-width: 80px) 100vw, 80px\" \/><\/a>\n\t\t\t<\/dt><\/dl><dl class='gallery-item'>\n\t\t\t<dt class='gallery-icon landscape'>\n\t\t\t\t<a href='https:\/\/www.selimaksu.com\/wp-content\/uploads\/2014\/07\/06.jpg'><img width=\"80\" height=\"80\" src=\"https:\/\/www.selimaksu.com\/wp-content\/uploads\/2014\/07\/06-80x80.jpg\" class=\"attachment-thumbnail size-thumbnail\" alt=\"\" loading=\"lazy\" srcset=\"https:\/\/www.selimaksu.com\/wp-content\/uploads\/2014\/07\/06-80x80.jpg 80w, https:\/\/www.selimaksu.com\/wp-content\/uploads\/2014\/07\/06-36x36.jpg 36w\" sizes=\"(max-width: 80px) 100vw, 80px\" \/><\/a>\n\t\t\t<\/dt><\/dl><dl class='gallery-item'>\n\t\t\t<dt class='gallery-icon landscape'>\n\t\t\t\t<a href='https:\/\/www.selimaksu.com\/wp-content\/uploads\/2014\/07\/011.jpg'><img width=\"80\" height=\"80\" src=\"https:\/\/www.selimaksu.com\/wp-content\/uploads\/2014\/07\/011-80x80.jpg\" class=\"attachment-thumbnail size-thumbnail\" alt=\"\" loading=\"lazy\" srcset=\"https:\/\/www.selimaksu.com\/wp-content\/uploads\/2014\/07\/011-80x80.jpg 80w, https:\/\/www.selimaksu.com\/wp-content\/uploads\/2014\/07\/011-36x36.jpg 36w\" sizes=\"(max-width: 80px) 100vw, 80px\" \/><\/a>\n\t\t\t<\/dt><\/dl><dl class='gallery-item'>\n\t\t\t<dt class='gallery-icon landscape'>\n\t\t\t\t<a href='https:\/\/www.selimaksu.com\/wp-content\/uploads\/2014\/07\/161.jpg'><img width=\"80\" height=\"80\" src=\"https:\/\/www.selimaksu.com\/wp-content\/uploads\/2014\/07\/161-80x80.jpg\" class=\"attachment-thumbnail size-thumbnail\" alt=\"\" loading=\"lazy\" srcset=\"https:\/\/www.selimaksu.com\/wp-content\/uploads\/2014\/07\/161-80x80.jpg 80w, https:\/\/www.selimaksu.com\/wp-content\/uploads\/2014\/07\/161-36x36.jpg 36w\" sizes=\"(max-width: 80px) 100vw, 80px\" \/><\/a>\n\t\t\t<\/dt><\/dl><dl class='gallery-item'>\n\t\t\t<dt class='gallery-icon landscape'>\n\t\t\t\t<a href='https:\/\/www.selimaksu.com\/wp-content\/uploads\/2014\/07\/17.jpg'><img width=\"80\" height=\"80\" src=\"https:\/\/www.selimaksu.com\/wp-content\/uploads\/2014\/07\/17-80x80.jpg\" class=\"attachment-thumbnail size-thumbnail\" alt=\"\" loading=\"lazy\" srcset=\"https:\/\/www.selimaksu.com\/wp-content\/uploads\/2014\/07\/17-80x80.jpg 80w, https:\/\/www.selimaksu.com\/wp-content\/uploads\/2014\/07\/17-36x36.jpg 36w\" sizes=\"(max-width: 80px) 100vw, 80px\" \/><\/a>\n\t\t\t<\/dt><\/dl><br style=\"clear: both\" \/><dl class='gallery-item'>\n\t\t\t<dt class='gallery-icon landscape'>\n\t\t\t\t<a href='https:\/\/www.selimaksu.com\/wp-content\/uploads\/2014\/07\/031.jpg'><img width=\"80\" height=\"80\" src=\"https:\/\/www.selimaksu.com\/wp-content\/uploads\/2014\/07\/031-80x80.jpg\" class=\"attachment-thumbnail size-thumbnail\" alt=\"\" loading=\"lazy\" srcset=\"https:\/\/www.selimaksu.com\/wp-content\/uploads\/2014\/07\/031-80x80.jpg 80w, https:\/\/www.selimaksu.com\/wp-content\/uploads\/2014\/07\/031-36x36.jpg 36w\" sizes=\"(max-width: 80px) 100vw, 80px\" \/><\/a>\n\t\t\t<\/dt><\/dl><dl class='gallery-item'>\n\t\t\t<dt class='gallery-icon landscape'>\n\t\t\t\t<a href='https:\/\/www.selimaksu.com\/wp-content\/uploads\/2014\/07\/34.jpg'><img width=\"80\" height=\"80\" src=\"https:\/\/www.selimaksu.com\/wp-content\/uploads\/2014\/07\/34-80x80.jpg\" class=\"attachment-thumbnail size-thumbnail\" alt=\"\" loading=\"lazy\" srcset=\"https:\/\/www.selimaksu.com\/wp-content\/uploads\/2014\/07\/34-80x80.jpg 80w, https:\/\/www.selimaksu.com\/wp-content\/uploads\/2014\/07\/34-36x36.jpg 36w\" sizes=\"(max-width: 80px) 100vw, 80px\" \/><\/a>\n\t\t\t<\/dt><\/dl><dl class='gallery-item'>\n\t\t\t<dt class='gallery-icon landscape'>\n\t\t\t\t<a href='https:\/\/www.selimaksu.com\/wp-content\/uploads\/2014\/07\/35.jpg'><img width=\"80\" height=\"80\" src=\"https:\/\/www.selimaksu.com\/wp-content\/uploads\/2014\/07\/35-80x80.jpg\" class=\"attachment-thumbnail size-thumbnail\" alt=\"\" loading=\"lazy\" srcset=\"https:\/\/www.selimaksu.com\/wp-content\/uploads\/2014\/07\/35-80x80.jpg 80w, https:\/\/www.selimaksu.com\/wp-content\/uploads\/2014\/07\/35-36x36.jpg 36w\" sizes=\"(max-width: 80px) 100vw, 80px\" \/><\/a>\n\t\t\t<\/dt><\/dl><dl class='gallery-item'>\n\t\t\t<dt class='gallery-icon landscape'>\n\t\t\t\t<a href='https:\/\/www.selimaksu.com\/wp-content\/uploads\/2014\/07\/38.jpg'><img width=\"80\" height=\"80\" src=\"https:\/\/www.selimaksu.com\/wp-content\/uploads\/2014\/07\/38-80x80.jpg\" class=\"attachment-thumbnail size-thumbnail\" alt=\"\" loading=\"lazy\" srcset=\"https:\/\/www.selimaksu.com\/wp-content\/uploads\/2014\/07\/38-80x80.jpg 80w, https:\/\/www.selimaksu.com\/wp-content\/uploads\/2014\/07\/38-36x36.jpg 36w\" sizes=\"(max-width: 80px) 100vw, 80px\" \/><\/a>\n\t\t\t<\/dt><\/dl><dl class='gallery-item'>\n\t\t\t<dt class='gallery-icon landscape'>\n\t\t\t\t<a href='https:\/\/www.selimaksu.com\/wp-content\/uploads\/2014\/07\/67.jpg'><img width=\"80\" height=\"80\" src=\"https:\/\/www.selimaksu.com\/wp-content\/uploads\/2014\/07\/67-80x80.jpg\" class=\"attachment-thumbnail size-thumbnail\" alt=\"\" loading=\"lazy\" srcset=\"https:\/\/www.selimaksu.com\/wp-content\/uploads\/2014\/07\/67-80x80.jpg 80w, https:\/\/www.selimaksu.com\/wp-content\/uploads\/2014\/07\/67-36x36.jpg 36w\" sizes=\"(max-width: 80px) 100vw, 80px\" \/><\/a>\n\t\t\t<\/dt><\/dl><br style=\"clear: both\" \/><dl class='gallery-item'>\n\t\t\t<dt class='gallery-icon landscape'>\n\t\t\t\t<a href='https:\/\/www.selimaksu.com\/wp-content\/uploads\/2014\/07\/68.jpg'><img width=\"80\" height=\"80\" src=\"https:\/\/www.selimaksu.com\/wp-content\/uploads\/2014\/07\/68-80x80.jpg\" class=\"attachment-thumbnail size-thumbnail\" alt=\"\" loading=\"lazy\" srcset=\"https:\/\/www.selimaksu.com\/wp-content\/uploads\/2014\/07\/68-80x80.jpg 80w, https:\/\/www.selimaksu.com\/wp-content\/uploads\/2014\/07\/68-36x36.jpg 36w\" sizes=\"(max-width: 80px) 100vw, 80px\" \/><\/a>\n\t\t\t<\/dt><\/dl><dl class='gallery-item'>\n\t\t\t<dt class='gallery-icon landscape'>\n\t\t\t\t<a href='https:\/\/www.selimaksu.com\/wp-content\/uploads\/2014\/07\/70.jpg'><img width=\"80\" height=\"80\" src=\"https:\/\/www.selimaksu.com\/wp-content\/uploads\/2014\/07\/70-80x80.jpg\" class=\"attachment-thumbnail size-thumbnail\" alt=\"\" loading=\"lazy\" srcset=\"https:\/\/www.selimaksu.com\/wp-content\/uploads\/2014\/07\/70-80x80.jpg 80w, https:\/\/www.selimaksu.com\/wp-content\/uploads\/2014\/07\/70-36x36.jpg 36w\" sizes=\"(max-width: 80px) 100vw, 80px\" \/><\/a>\n\t\t\t<\/dt><\/dl><dl class='gallery-item'>\n\t\t\t<dt class='gallery-icon landscape'>\n\t\t\t\t<a href='https:\/\/www.selimaksu.com\/wp-content\/uploads\/2014\/07\/181.jpg'><img width=\"80\" height=\"80\" src=\"https:\/\/www.selimaksu.com\/wp-content\/uploads\/2014\/07\/181-80x80.jpg\" class=\"attachment-thumbnail size-thumbnail\" alt=\"\" loading=\"lazy\" srcset=\"https:\/\/www.selimaksu.com\/wp-content\/uploads\/2014\/07\/181-80x80.jpg 80w, https:\/\/www.selimaksu.com\/wp-content\/uploads\/2014\/07\/181-36x36.jpg 36w\" sizes=\"(max-width: 80px) 100vw, 80px\" \/><\/a>\n\t\t\t<\/dt><\/dl><dl class='gallery-item'>\n\t\t\t<dt class='gallery-icon landscape'>\n\t\t\t\t<a href='https:\/\/www.selimaksu.com\/wp-content\/uploads\/2014\/07\/191.jpg'><img width=\"80\" height=\"80\" src=\"https:\/\/www.selimaksu.com\/wp-content\/uploads\/2014\/07\/191-80x80.jpg\" class=\"attachment-thumbnail size-thumbnail\" alt=\"\" loading=\"lazy\" srcset=\"https:\/\/www.selimaksu.com\/wp-content\/uploads\/2014\/07\/191-80x80.jpg 80w, https:\/\/www.selimaksu.com\/wp-content\/uploads\/2014\/07\/191-36x36.jpg 36w\" sizes=\"(max-width: 80px) 100vw, 80px\" \/><\/a>\n\t\t\t<\/dt><\/dl><dl class='gallery-item'>\n\t\t\t<dt class='gallery-icon landscape'>\n\t\t\t\t<a href='https:\/\/www.selimaksu.com\/wp-content\/uploads\/2014\/07\/212.jpg'><img width=\"80\" height=\"80\" src=\"https:\/\/www.selimaksu.com\/wp-content\/uploads\/2014\/07\/212-80x80.jpg\" class=\"attachment-thumbnail size-thumbnail\" alt=\"\" loading=\"lazy\" srcset=\"https:\/\/www.selimaksu.com\/wp-content\/uploads\/2014\/07\/212-80x80.jpg 80w, https:\/\/www.selimaksu.com\/wp-content\/uploads\/2014\/07\/212-36x36.jpg 36w\" sizes=\"(max-width: 80px) 100vw, 80px\" \/><\/a>\n\t\t\t<\/dt><\/dl><br style=\"clear: both\" \/><dl class='gallery-item'>\n\t\t\t<dt class='gallery-icon landscape'>\n\t\t\t\t<a href='https:\/\/www.selimaksu.com\/wp-content\/uploads\/2014\/07\/IMG_2384.jpg'><img width=\"80\" height=\"80\" src=\"https:\/\/www.selimaksu.com\/wp-content\/uploads\/2014\/07\/IMG_2384-80x80.jpg\" class=\"attachment-thumbnail size-thumbnail\" alt=\"\" loading=\"lazy\" srcset=\"https:\/\/www.selimaksu.com\/wp-content\/uploads\/2014\/07\/IMG_2384-80x80.jpg 80w, https:\/\/www.selimaksu.com\/wp-content\/uploads\/2014\/07\/IMG_2384-36x36.jpg 36w\" sizes=\"(max-width: 80px) 100vw, 80px\" \/><\/a>\n\t\t\t<\/dt><\/dl>\n\t\t\t<br style='clear: both' \/>\n\t\t<\/div>\n\n","protected":false},"excerpt":{"rendered":"<p>M\u00fc\u015fteri memnuniyetini temel hedefi olarak benimseyen SAM Orkestras\u0131; m\u00fc\u015fterilerine \u00f6nemli g\u00fcnlerinde masa s\u00fcsleme, sandalye giydirme, balonlarla ve t\u00fcllerle s\u00fcslemelerde destek oluyor. Uyumlu renklerin bir araya getirdi\u011fi ahenk ve \u015f\u0131kl\u0131k, uzman ekibimizin tecr\u00fcbesiyle elit bir g\u00f6rsel \u015fova d\u00f6n\u00fc\u015f\u00fcyor. Geni\u015f bir referans listesi bulunan SAM Orkestras\u0131\u2019n\u0131n i\u00e7 ve d\u0131\u015f mekanlarda ortaya koydu\u011fu yarat\u0131c\u0131 \u00e7al\u0131\u015fmalar sizin ve misafirlerinizin [&hellip;]<\/p>\n","protected":false},"author":1,"featured_media":0,"parent":0,"menu_order":0,"comment_status":"closed","ping_status":"open","template":"","meta":[],"_links":{"self":[{"href":"https:\/\/www.selimaksu.com\/index.php?rest_route=\/wp\/v2\/pages\/371"}],"collection":[{"href":"https:\/\/www.selimaksu.com\/index.php?rest_route=\/wp\/v2\/pages"}],"about":[{"href":"https:\/\/www.selimaksu.com\/index.php?rest_route=\/wp\/v2\/types\/page"}],"author":[{"embeddable":true,"href":"https:\/\/www.selimaksu.com\/index.php?rest_route=\/wp\/v2\/users\/1"}],"replies":[{"embeddable":true,"href":"https:\/\/www.selimaksu.com\/index.php?rest_route=%2Fwp%2Fv2%2Fcomments&post=371"}],"version-history":[{"count":1,"href":"https:\/\/www.selimaksu.com\/index.php?rest_route=\/wp\/v2\/pages\/371\/revisions"}],"predecessor-version":[{"id":400,"href":"https:\/\/www.selimaksu.com\/index.php?rest_route=\/wp\/v2\/pages\/371\/revisions\/400"}],"wp:attachment":[{"href":"https:\/\/www.selimaksu.com\/index.php?rest_route=%2Fwp%2Fv2%2Fmedia&parent=371"}],"curies":[{"name":"wp","href":"https:\/\/api.w.org\/{rel}","templated":true}]}}